{"id":18,"date":"2023-10-12T18:17:28","date_gmt":"2023-10-12T21:17:28","guid":{"rendered":"http:\/\/ucca-sanfabian.cl\/?page_id=18"},"modified":"2023-12-05T09:13:56","modified_gmt":"2023-12-05T12:13:56","slug":"artistas","status":"publish","type":"page","link":"https:\/\/ucca-sanfabian.cl\/index.php\/artistas\/","title":{"rendered":"Artistas"},"content":{"rendered":"<style>.kb-row-layout-id18_540feb-5b > .kt-row-column-wrap{align-content:start;}:where(.kb-row-layout-id18_540feb-5b > .kt-row-column-wrap) > .wp-block-kadence-column{justify-content:start;}.kb-row-layout-id18_540feb-5b > .kt-row-column-wrap{column-gap:var(--global-kb-gap-md, 2rem);row-gap:var(--global-kb-gap-md, 2rem);padding-top:var(--global-kb-spacing-sm, 1.5rem);padding-bottom:var(--global-kb-spacing-sm, 1.5rem);grid-template-columns:minmax(0, 1fr);}.kb-row-layout-id18_540feb-5b > .kt-row-layout-overlay{opacity:0.30;}@media all and (max-width: 1024px){.kb-row-layout-id18_540feb-5b > .kt-row-column-wrap{grid-template-columns:minmax(0, 1fr);}}@media all and (max-width: 767px){.kb-row-layout-id18_540feb-5b > .kt-row-column-wrap{grid-template-columns:minmax(0, 1fr);}}<\/style><div class=\"kb-row-layout-wrap kb-row-layout-id18_540feb-5b alignnone wp-block-kadence-rowlayout\"><div class=\"kt-row-column-wrap kt-has-1-columns kt-row-layout-equal kt-tab-layout-inherit kt-mobile-layout-row kt-row-valign-top\">\n<style>.kadence-column18_e63c9a-14 > .kt-inside-inner-col,.kadence-column18_e63c9a-14 > .kt-inside-inner-col:before{border-top-left-radius:0px;border-top-right-radius:0px;border-bottom-right-radius:0px;border-bottom-left-radius:0px;}.kadence-column18_e63c9a-14 > .kt-inside-inner-col:before{opacity:0.3;}.kadence-column18_e63c9a-14{position:relative;}<\/style>\n<div class=\"wp-block-kadence-column kadence-column18_e63c9a-14\"><div class=\"kt-inside-inner-col\"><style>.wp-block-kadence-advancedheading.kt-adv-heading18_871e71-3d, .wp-block-kadence-advancedheading.kt-adv-heading18_871e71-3d[data-kb-block=\"kb-adv-heading18_871e71-3d\"]{text-align:center;font-style:normal;}.wp-block-kadence-advancedheading.kt-adv-heading18_871e71-3d mark, .wp-block-kadence-advancedheading.kt-adv-heading18_871e71-3d[data-kb-block=\"kb-adv-heading18_871e71-3d\"] mark{font-style:normal;color:#f76a0c;padding-top:0px;padding-right:0px;padding-bottom:0px;padding-left:0px;}<\/style>\n<h2 class=\"kt-adv-heading18_871e71-3d wp-block-kadence-advancedheading\" data-kb-block=\"kb-adv-heading18_871e71-3d\">Artistas &#8211; Actores culturales<\/h2>\n<\/div><\/div>\n\n<\/div><\/div>\n\n<style>.kb-row-layout-id18_eac90a-bc > .kt-row-column-wrap{align-content:start;}:where(.kb-row-layout-id18_eac90a-bc > .kt-row-column-wrap) > .wp-block-kadence-column{justify-content:start;}.kb-row-layout-id18_eac90a-bc > .kt-row-column-wrap{column-gap:var(--global-kb-gap-md, 2rem);row-gap:var(--global-kb-gap-md, 2rem);padding-top:var(--global-kb-spacing-xl, 4rem);padding-right:var(--global-kb-spacing-md, 2rem);padding-bottom:var(--global-kb-spacing-sm, 1.5rem);padding-left:var(--global-kb-spacing-md, 2rem);grid-template-columns:minmax(0, 55%) minmax(0, 45%);}.kb-row-layout-id18_eac90a-bc > .kt-row-layout-overlay{opacity:0.30;}@media all and (max-width: 1024px){.kb-row-layout-id18_eac90a-bc > .kt-row-column-wrap{grid-template-columns:repeat(2, minmax(0, 1fr));}}@media all and (max-width: 767px){.kb-row-layout-id18_eac90a-bc > .kt-row-column-wrap{grid-template-columns:minmax(0, 1fr);}}<\/style><div class=\"kb-row-layout-wrap kb-row-layout-id18_eac90a-bc alignnone wp-block-kadence-rowlayout\"><div class=\"kt-row-column-wrap kt-has-2-columns kt-row-layout-equal kt-tab-layout-inherit kt-mobile-layout-row kt-row-valign-top\">\n<style>.kadence-column18_f2d659-19 > .kt-inside-inner-col{padding-right:var(--global-kb-spacing-md, 2rem);}.kadence-column18_f2d659-19 > .kt-inside-inner-col,.kadence-column18_f2d659-19 > .kt-inside-inner-col:before{border-top-left-radius:0px;border-top-right-radius:0px;border-bottom-right-radius:0px;border-bottom-left-radius:0px;}.kadence-column18_f2d659-19 > .kt-inside-inner-col:before{opacity:0.3;}.kadence-column18_f2d659-19{position:relative;}<\/style>\n<div class=\"wp-block-kadence-column kadence-column18_f2d659-19\"><div class=\"kt-inside-inner-col\"><style>.wp-block-kadence-advancedheading.kt-adv-heading18_3281d4-c1, .wp-block-kadence-advancedheading.kt-adv-heading18_3281d4-c1[data-kb-block=\"kb-adv-heading18_3281d4-c1\"]{font-style:normal;}.wp-block-kadence-advancedheading.kt-adv-heading18_3281d4-c1 mark, .wp-block-kadence-advancedheading.kt-adv-heading18_3281d4-c1[data-kb-block=\"kb-adv-heading18_3281d4-c1\"] mark{font-style:normal;color:#f76a0c;padding-top:0px;padding-right:0px;padding-bottom:0px;padding-left:0px;}<\/style>\n<h4 class=\"kt-adv-heading18_3281d4-c1 wp-block-kadence-advancedheading\" data-kb-block=\"kb-adv-heading18_3281d4-c1\"><\/h4>\n\n\n<style>.wp-block-kadence-advancedheading.kt-adv-heading18_2d7ef6-22, .wp-block-kadence-advancedheading.kt-adv-heading18_2d7ef6-22[data-kb-block=\"kb-adv-heading18_2d7ef6-22\"]{font-size:var(--global-kb-font-size-lg, 2rem);font-style:normal;}.wp-block-kadence-advancedheading.kt-adv-heading18_2d7ef6-22 mark, .wp-block-kadence-advancedheading.kt-adv-heading18_2d7ef6-22[data-kb-block=\"kb-adv-heading18_2d7ef6-22\"] mark{font-style:normal;color:#f76a0c;padding-top:0px;padding-right:0px;padding-bottom:0px;padding-left:0px;}<\/style>\n<h5 class=\"kt-adv-heading18_2d7ef6-22 wp-block-kadence-advancedheading\" data-kb-block=\"kb-adv-heading18_2d7ef6-22\">Inscr\u00edbete en nuestro registro de actores culturales<\/h5>\n\n\n\n<p><\/p>\n\n\n\n<p>Desde la Uni\u00f3n Comunal de la Cultura y las Artes de San Fabi\u00e1n queremos llevar un registro renovado de artistas y cultores de San Fabi\u00e1n que nos permita gestionar acciones para la comunidad o los mismos actores culturales.<\/p>\n\n\n\n<p>La informaci\u00f3n de este catastro ser\u00e1 solo entregada a quienes lo soliciten de manera escrita y para los fines que fue creado.<\/p>\n\n\n\n<p>Si quieres inscribirte, por favor completa <a href=\"https:\/\/forms.gle\/AE6PyyF7N84dNAZTA\">este formulario.<\/a><\/p>\n\n\n\n<p><\/p>\n\n\n\n<p><\/p>\n\n\n\n<p><\/p>\n\n\n<style>.wp-block-kadence-advancedheading.kt-adv-heading18_c6a3ad-40, .wp-block-kadence-advancedheading.kt-adv-heading18_c6a3ad-40[data-kb-block=\"kb-adv-heading18_c6a3ad-40\"]{margin-top:var(--global-kb-spacing-lg, 3rem);font-size:var(--global-kb-font-size-lg, 2rem);font-style:normal;}.wp-block-kadence-advancedheading.kt-adv-heading18_c6a3ad-40 mark, .wp-block-kadence-advancedheading.kt-adv-heading18_c6a3ad-40[data-kb-block=\"kb-adv-heading18_c6a3ad-40\"] mark{font-style:normal;color:#f76a0c;padding-top:0px;padding-right:0px;padding-bottom:0px;padding-left:0px;}<\/style>\n<h5 class=\"kt-adv-heading18_c6a3ad-40 wp-block-kadence-advancedheading\" data-kb-block=\"kb-adv-heading18_c6a3ad-40\">Cartograf\u00eda cultural<\/h5>\n\n\n\n<p><\/p>\n\n\n\n<p>La Cartograf\u00eda Cultural Comunal permite no s\u00f3lo identificar y ubicar territorialmente a los actores culturales, las manifestaciones colectivas y el patrimonio natural y cultural de la comuna, sino que tambi\u00e9n permite profundizar en la especificidad cultural de cada territorio y de cada pr\u00e1ctica cultural. Esta consiste en el levantamiento de informaci\u00f3n sobre artistas, gestores\/as, agrupaciones e instituciones culturales, manifestaciones colectivas, bienes patrimoniales, lugares de inter\u00e9s hist\u00f3rico cultural.<\/p>\n\n\n\n<p>Si quieres completar la cartograf\u00eda cultural, por favor revisa <a href=\"https:\/\/drive.google.com\/file\/d\/1yJCsI2bSr0afTxbokmAKWsq3aIlJgOGh\/view?usp=drive_link\">este formulario.<\/a><\/p>\n\n\n\n<p><\/p>\n<\/div><\/div>\n\n\n<style>.kadence-column18_c6a2f7-8c > .kt-inside-inner-col,.kadence-column18_c6a2f7-8c > .kt-inside-inner-col:before{border-top-left-radius:0px;border-top-right-radius:0px;border-bottom-right-radius:0px;border-bottom-left-radius:0px;}.kadence-column18_c6a2f7-8c > .kt-inside-inner-col:before{opacity:0.3;}.kadence-column18_c6a2f7-8c{position:relative;}<\/style>\n<div class=\"wp-block-kadence-column kadence-column18_c6a2f7-8c\"><div class=\"kt-inside-inner-col\"><style>.kb-image18_026c60-49 .kb-image-has-overlay:after{opacity:0.3;}<\/style>\n<figure class=\"wp-block-kadence-image kb-image18_026c60-49 size-large\"><img loading=\"lazy\" decoding=\"async\" width=\"706\" height=\"1024\" src=\"http:\/\/ucca-sanfabian.cl\/wp-content\/uploads\/2023\/11\/otra2-706x1024.jpg\" alt=\"\" class=\"kb-img wp-image-88\" srcset=\"https:\/\/ucca-sanfabian.cl\/wp-content\/uploads\/2023\/11\/otra2-706x1024.jpg 706w, https:\/\/ucca-sanfabian.cl\/wp-content\/uploads\/2023\/11\/otra2-207x300.jpg 207w, https:\/\/ucca-sanfabian.cl\/wp-content\/uploads\/2023\/11\/otra2-768x1114.jpg 768w, https:\/\/ucca-sanfabian.cl\/wp-content\/uploads\/2023\/11\/otra2.jpg 1000w\" sizes=\"auto, (max-width: 706px) 100vw, 706px\" \/><figcaption>Daniela Fuentes<\/figcaption><\/figure>\n<\/div><\/div>\n\n<\/div><\/div>","protected":false},"excerpt":{"rendered":"<p>Artistas &#8211; Actores culturales Inscr\u00edbete en nuestro registro de actores culturales Desde la Uni\u00f3n Comunal de la Cultura y las Artes de San Fabi\u00e1n queremos llevar un registro renovado de artistas y cultores de San Fabi\u00e1n que nos permita gestionar &hellip; <a class=\"kt-excerpt-readmore more-link\" href=\"https:\/\/ucca-sanfabian.cl\/index.php\/artistas\/\" aria-label=\"Artistas\">Read More<\/a><\/p>\n","protected":false},"author":1,"featured_media":0,"parent":0,"menu_order":0,"comment_status":"closed","ping_status":"closed","template":"","meta":{"_kad_blocks_custom_css":"","_kad_blocks_head_custom_js":"","_kad_blocks_body_custom_js":"","_kad_blocks_footer_custom_js":"","kt_blocks_editor_width":"","footnotes":""},"class_list":["post-18","page","type-page","status-publish","hentry"],"taxonomy_info":[],"featured_image_src_large":false,"author_info":{"display_name":"Juan Carlos","author_link":"https:\/\/ucca-sanfabian.cl\/index.php\/author\/juan-carlos\/"},"comment_info":0,"_links":{"self":[{"href":"https:\/\/ucca-sanfabian.cl\/index.php\/wp-json\/wp\/v2\/pages\/18","targetHints":{"allow":["GET"]}}],"collection":[{"href":"https:\/\/ucca-sanfabian.cl\/index.php\/wp-json\/wp\/v2\/pages"}],"about":[{"href":"https:\/\/ucca-sanfabian.cl\/index.php\/wp-json\/wp\/v2\/types\/page"}],"author":[{"embeddable":true,"href":"https:\/\/ucca-sanfabian.cl\/index.php\/wp-json\/wp\/v2\/users\/1"}],"replies":[{"embeddable":true,"href":"https:\/\/ucca-sanfabian.cl\/index.php\/wp-json\/wp\/v2\/comments?post=18"}],"version-history":[{"count":10,"href":"https:\/\/ucca-sanfabian.cl\/index.php\/wp-json\/wp\/v2\/pages\/18\/revisions"}],"predecessor-version":[{"id":93,"href":"https:\/\/ucca-sanfabian.cl\/index.php\/wp-json\/wp\/v2\/pages\/18\/revisions\/93"}],"wp:attachment":[{"href":"https:\/\/ucca-sanfabian.cl\/index.php\/wp-json\/wp\/v2\/media?parent=18"}],"curies":[{"name":"wp","href":"https:\/\/api.w.org\/{rel}","templated":true}]}}

<style>.kb-row-layout-id18_540feb-5b > .kt-row-column-wrap{align-content:start;}:where(.kb-row-layout-id18_540feb-5b > .kt-row-column-wrap) > .wp-block-kadence-column{justify-content:start;}.kb-row-layout-id18_540feb-5b > .kt-row-column-wrap{column-gap:var(--global-kb-gap-md, 2rem);row-gap:var(--global-kb-gap-md, 2rem);padding-top:var(--global-kb-spacing-sm, 1.5rem);padding-bottom:var(--global-kb-spacing-sm, 1.5rem);grid-template-columns:minmax(0, 1fr);}.kb-row-layout-id18_540feb-5b > .kt-row-layout-overlay{opacity:0.30;}@media all and (max-width: 1024px){.kb-row-layout-id18_540feb-5b > .kt-row-column-wrap{grid-template-columns:minmax(0, 1fr);}}@media all and (max-width: 767px){.kb-row-layout-id18_540feb-5b > .kt-row-column-wrap{grid-template-columns:minmax(0, 1fr);}}</style><div class="kb-row-layout-wrap kb-row-layout-id18_540feb-5b alignnone wp-block-kadence-rowlayout"><div class="kt-row-column-wrap kt-has-1-columns kt-row-layout-equal kt-tab-layout-inherit kt-mobile-layout-row kt-row-valign-top">
<style>.kadence-column18_e63c9a-14 > .kt-inside-inner-col,.kadence-column18_e63c9a-14 > .kt-inside-inner-col:before{border-top-left-radius:0px;border-top-right-radius:0px;border-bottom-right-radius:0px;border-bottom-left-radius:0px;}.kadence-column18_e63c9a-14 > .kt-inside-inner-col:before{opacity:0.3;}.kadence-column18_e63c9a-14{position:relative;}</style>
<div class="wp-block-kadence-column kadence-column18_e63c9a-14"><div class="kt-inside-inner-col"><style>.wp-block-kadence-advancedheading.kt-adv-heading18_871e71-3d, .wp-block-kadence-advancedheading.kt-adv-heading18_871e71-3d[data-kb-block="kb-adv-heading18_871e71-3d"]{text-align:center;font-style:normal;}.wp-block-kadence-advancedheading.kt-adv-heading18_871e71-3d mark, .wp-block-kadence-advancedheading.kt-adv-heading18_871e71-3d[data-kb-block="kb-adv-heading18_871e71-3d"] mark{font-style:normal;color:#f76a0c;padding-top:0px;padding-right:0px;padding-bottom:0px;padding-left:0px;}</style>
<h2 class="kt-adv-heading18_871e71-3d wp-block-kadence-advancedheading" data-kb-block="kb-adv-heading18_871e71-3d">Artistas &#8211; Actores culturales</h2>
</div></div>

</div></div>

<style>.kb-row-layout-id18_eac90a-bc > .kt-row-column-wrap{align-content:start;}:where(.kb-row-layout-id18_eac90a-bc > .kt-row-column-wrap) > .wp-block-kadence-column{justify-content:start;}.kb-row-layout-id18_eac90a-bc > .kt-row-column-wrap{column-gap:var(--global-kb-gap-md, 2rem);row-gap:var(--global-kb-gap-md, 2rem);padding-top:var(--global-kb-spacing-xl, 4rem);padding-right:var(--global-kb-spacing-md, 2rem);padding-bottom:var(--global-kb-spacing-sm, 1.5rem);padding-left:var(--global-kb-spacing-md, 2rem);grid-template-columns:minmax(0, 55%) minmax(0, 45%);}.kb-row-layout-id18_eac90a-bc > .kt-row-layout-overlay{opacity:0.30;}@media all and (max-width: 1024px){.kb-row-layout-id18_eac90a-bc > .kt-row-column-wrap{grid-template-columns:repeat(2, minmax(0, 1fr));}}@media all and (max-width: 767px){.kb-row-layout-id18_eac90a-bc > .kt-row-column-wrap{grid-template-columns:minmax(0, 1fr);}}</style><div class="kb-row-layout-wrap kb-row-layout-id18_eac90a-bc alignnone wp-block-kadence-rowlayout"><div class="kt-row-column-wrap kt-has-2-columns kt-row-layout-equal kt-tab-layout-inherit kt-mobile-layout-row kt-row-valign-top">
<style>.kadence-column18_f2d659-19 > .kt-inside-inner-col{padding-right:var(--global-kb-spacing-md, 2rem);}.kadence-column18_f2d659-19 > .kt-inside-inner-col,.kadence-column18_f2d659-19 > .kt-inside-inner-col:before{border-top-left-radius:0px;border-top-right-radius:0px;border-bottom-right-radius:0px;border-bottom-left-radius:0px;}.kadence-column18_f2d659-19 > .kt-inside-inner-col:before{opacity:0.3;}.kadence-column18_f2d659-19{position:relative;}</style>
<div class="wp-block-kadence-column kadence-column18_f2d659-19"><div class="kt-inside-inner-col"><style>.wp-block-kadence-advancedheading.kt-adv-heading18_3281d4-c1, .wp-block-kadence-advancedheading.kt-adv-heading18_3281d4-c1[data-kb-block="kb-adv-heading18_3281d4-c1"]{font-style:normal;}.wp-block-kadence-advancedheading.kt-adv-heading18_3281d4-c1 mark, .wp-block-kadence-advancedheading.kt-adv-heading18_3281d4-c1[data-kb-block="kb-adv-heading18_3281d4-c1"] mark{font-style:normal;color:#f76a0c;padding-top:0px;padding-right:0px;padding-bottom:0px;padding-left:0px;}</style>
<h4 class="kt-adv-heading18_3281d4-c1 wp-block-kadence-advancedheading" data-kb-block="kb-adv-heading18_3281d4-c1"></h4>


<style>.wp-block-kadence-advancedheading.kt-adv-heading18_2d7ef6-22, .wp-block-kadence-advancedheading.kt-adv-heading18_2d7ef6-22[data-kb-block="kb-adv-heading18_2d7ef6-22"]{font-size:var(--global-kb-font-size-lg, 2rem);font-style:normal;}.wp-block-kadence-advancedheading.kt-adv-heading18_2d7ef6-22 mark, .wp-block-kadence-advancedheading.kt-adv-heading18_2d7ef6-22[data-kb-block="kb-adv-heading18_2d7ef6-22"] mark{font-style:normal;color:#f76a0c;padding-top:0px;padding-right:0px;padding-bottom:0px;padding-left:0px;}</style>
<h5 class="kt-adv-heading18_2d7ef6-22 wp-block-kadence-advancedheading" data-kb-block="kb-adv-heading18_2d7ef6-22">Inscríbete en nuestro registro de actores culturales</h5>



<p></p>



<p>Desde la Unión Comunal de la Cultura y las Artes de San Fabián queremos llevar un registro renovado de artistas y cultores de San Fabián que nos permita gestionar acciones para la comunidad o los mismos actores culturales.</p>



<p>La información de este catastro será solo entregada a quienes lo soliciten de manera escrita y para los fines que fue creado.</p>



<p>Si quieres inscribirte, por favor completa <a href="https://forms.gle/AE6PyyF7N84dNAZTA">este formulario.</a></p>



<p></p>



<p></p>



<p></p>


<style>.wp-block-kadence-advancedheading.kt-adv-heading18_c6a3ad-40, .wp-block-kadence-advancedheading.kt-adv-heading18_c6a3ad-40[data-kb-block="kb-adv-heading18_c6a3ad-40"]{margin-top:var(--global-kb-spacing-lg, 3rem);font-size:var(--global-kb-font-size-lg, 2rem);font-style:normal;}.wp-block-kadence-advancedheading.kt-adv-heading18_c6a3ad-40 mark, .wp-block-kadence-advancedheading.kt-adv-heading18_c6a3ad-40[data-kb-block="kb-adv-heading18_c6a3ad-40"] mark{font-style:normal;color:#f76a0c;padding-top:0px;padding-right:0px;padding-bottom:0px;padding-left:0px;}</style>
<h5 class="kt-adv-heading18_c6a3ad-40 wp-block-kadence-advancedheading" data-kb-block="kb-adv-heading18_c6a3ad-40">Cartografía cultural</h5>



<p></p>



<p>La Cartografía Cultural Comunal permite no sólo identificar y ubicar territorialmente a los actores culturales, las manifestaciones colectivas y el patrimonio natural y cultural de la comuna, sino que también permite profundizar en la especificidad cultural de cada territorio y de cada práctica cultural. Esta consiste en el levantamiento de información sobre artistas, gestores/as, agrupaciones e instituciones culturales, manifestaciones colectivas, bienes patrimoniales, lugares de interés histórico cultural.</p>



<p>Si quieres completar la cartografía cultural, por favor revisa <a href="https://drive.google.com/file/d/1yJCsI2bSr0afTxbokmAKWsq3aIlJgOGh/view?usp=drive_link">este formulario.</a></p>



<p></p>
</div></div>


<style>.kadence-column18_c6a2f7-8c > .kt-inside-inner-col,.kadence-column18_c6a2f7-8c > .kt-inside-inner-col:before{border-top-left-radius:0px;border-top-right-radius:0px;border-bottom-right-radius:0px;border-bottom-left-radius:0px;}.kadence-column18_c6a2f7-8c > .kt-inside-inner-col:before{opacity:0.3;}.kadence-column18_c6a2f7-8c{position:relative;}</style>
<div class="wp-block-kadence-column kadence-column18_c6a2f7-8c"><div class="kt-inside-inner-col"><style>.kb-image18_026c60-49 .kb-image-has-overlay:after{opacity:0.3;}</style>
<figure class="wp-block-kadence-image kb-image18_026c60-49 size-large"><img loading="lazy" decoding="async" width="706" height="1024" src="http://ucca-sanfabian.cl/wp-content/uploads/2023/11/otra2-706x1024.jpg" alt="" class="kb-img wp-image-88" srcset="https://ucca-sanfabian.cl/wp-content/uploads/2023/11/otra2-706x1024.jpg 706w, https://ucca-sanfabian.cl/wp-content/uploads/2023/11/otra2-207x300.jpg 207w, https://ucca-sanfabian.cl/wp-content/uploads/2023/11/otra2-768x1114.jpg 768w, https://ucca-sanfabian.cl/wp-content/uploads/2023/11/otra2.jpg 1000w" sizes="auto, (max-width: 706px) 100vw, 706px" /><figcaption>Daniela Fuentes</figcaption></figure>
</div></div>

</div></div>

<p>Artistas &#8211; Actores culturales Inscríbete en nuestro registro de actores culturales Desde la Unión Comunal de la Cultura y las Artes de San Fabián queremos llevar un registro renovado de artistas y cultores de San Fabián que nos permita gestionar &hellip; <a class="kt-excerpt-readmore more-link" href="https://ucca-sanfabian.cl/index.php/artistas/" aria-label="Artistas">Read More</a></p>
